3)) + (-51)/(-663) is divided by 165?
162
Let p = -860 + 965. Suppose -3*r = p - 561. Calculate the remainder when r is divided by 7.
5
What is the remainder when -3 - (-27033)/231 - (-572)/(-22022) is divided by (-7)/(1/(-7*1))?
16
What is the remainder when (29 - 21)*(-1289)/(-4) is divided by 55?
48
Suppose -211*g + 46*g = -210 - 5400. What is the remainder when 789 is divided by g?
7
Suppose 0 = -5*s + 98 + 12. Let n be 3/1 - -68 - 4. Suppose -2*p = 5*q - 4*p - n, 3*q = 3*p + 42. Calculate the remainder when s is divided by q.
9
Let u = -8870 + 8884. Calculate the remainder when 167 is divided by u.
13
Suppose 1580*k = 1577*k - 1884. Let c = 640 + k. What is the remainder when 55 is divided by c?
7
Suppose -16 = -35*a + 27*a. Suppose -3*f + 2*v + 214 = 0, -a*v + 48 = f + 2*v. What is the remainder when 200 is divided by f?
64
Suppose 3*w + 4*c - 681 = -2*w, -3*w + 5*c + 416 = 0. Let j(i) = -9*i**2 - 68*i + 94. Calculate the remainder when w is divided by j(-8).
13
Let b be ((-145)/(-40)*-6)/(3/(-8)). Let o = b - 51. Calculate the remainder when 46 is divided by ((-41)/o - -3)/((-4)/14).
6
Suppose 2*o = -5*o - 1708. Let c = o + 282. What is the remainder when c is divided by 8?
6
Let g(p) = -2*p + 4*p - 14*p**2 + p + p - 2. Let x be g(2). Let v = 59 + x. What is the remainder when 43 is divided by v?
7
Let f = -180 - -81. Let i = f - -100. Calculate the remainder when i is divided by (-3)/(-2) + (-1)/2.
0
Suppose -26 = 2*k - 4*k. Suppose -9*c + 22 - 580 = 0. Let h = c - -100. Calculate the remainder when h is divided by k.
12
Suppose -16*v + 94 = 2*g - 18*v, -2*g = 2*v - 70. Suppose -l + 6*l = 1215. What is the remainder when l is divided by g?
38
Let s(z) = 3835*z**2 - 1439*z + 1439. Calculate the remainder when s(1) is divided by 10.
5
Suppose -353021 - 910828 = -87*n. Calculate the remainder when n is divided by 16.
15
Let d = -40 - -157. Suppose -9*t - d = -18*t. What is the remainder when t is divided by 3?
1
Suppose 0 = 2*b - 45 - 103. Suppose 5*o + 75*m - 76*m = 94, -4*m = 4*o - 80. What is the remainder when b is divided by o?
17
Suppose -7*m + 5*m = 5*o - 1537, 2*m - 610 = -2*o. Let k be -3 + (5 - o*-2). Let a = -443 + k. Calculate the remainder when a is divided by 36.
33
Suppose 442584 = 58*s + 53*s + 51*s. What is the remainder when s is divided by 57?
53
Let h be 313 - (-9)/((-18)/14). Suppose -2*b = 4*b - h. Calculate the remainder when b is divided by 8.
3
Suppose t = u + 4*u - 23, -t - 3 = 0. Suppose 4*q - 57 = -r, -u*q + 4*r = -q - 19. What is the remainder when (70/25)/(2/40) is divided by q?
4
Suppose 2*g - 4 = 8. Let k = 211 - 227. What is the remainder when (k/(-24))/((-2)/(-63)) is divided by g?
3
Suppose 10*t - 10 = -30. What is the remainder when (-717 - (t - -4))/(-1) is divided by 90?
89
Let t = -622 - -993. Suppose -t = -5*v - 56. What is the remainder when 188 is divided by v?
62
Suppose 0 = 620*c - 2093728 - 1428492. Calculate the remainder when c is divided by 28.
25
Let m(z) = -6*z**3 + 4*z**2 + 33*z + 4. Let x(s) = -s**3 + 19*s**2 - 20*s + 32. Let p be x(18). What is the remainder when m(p) is divided by 23?
21
Suppose -23*u = -18*u - 4*m - 1995, 0 = 5*u - 2*m - 1995. Let v = 654 - u. Calculate the remainder when v is divided by 44.
35
Suppose -152*v + 170*v = 1044. What is the remainder when 354 is divided by v?
6
Calculate the remainder when 116 is divided by -1*(-54 + -9 - -2).
55
Suppose -1 = o, 2*i = -2*o + 2 + 4. Suppose -159 = -i*a + 69. What is the remainder when a is divided by (-36540)/1015 - 56/(-1)?
17
Suppose -9 = -5*v + 311. Calculate the remainder when 131 is divided by v.
3
Let j(r) be the first derivative of -r**3 + 13*r**2 + 20. What is the remainder when 62 is divided by j(8)?
14
Let a = -4645 - -4693. What is the remainder when a is divided by 17?
14
Let n be -2*((-39)/6 - -5). Suppose 15 = n*v, -2*v + v - 35 = -5*s. Let u(f) = 6*f**2 - 1. What is the remainder when s is divided by u(-1)?
3
Suppose 6*g = -4*p + g - 6, -2*p + 10 = -4*g. Calculate the remainder when (p + -12)/(-2 + 10/6) is divided by 18.
15
Let i be (44/8 + -5)/((-1)/1996). Let j = i + 709. Let g = -205 - j. Calculate the remainder when g is divided by 15.
9
Suppose -5*f + 5646 = -9*z, 1144 - 2 = f - 5*z. Calculate the remainder when f is divided by 75.
72
Let i = 5878 - -1282. What is the remainder when i is divided by 21?
20
Suppose 31*i + 138 = 34*i. Suppose 3*k + k + i = 2*h, -3*h + 81 = -2*k. Calculate the remainder when 49 is divided by h.
20
Let f be 18/3*(-57)/(-6). Let k = 129 + -64. Let u = k - f. What is the remainder when 46 is divided by u?
6
Let m(q) = -29*q + 835. What is the remainder when m(28) is divided by ((-102)/(-9))/((-16)/(-24))?
6
Suppose 517*y - 523*y + 72 = 0. Suppose -1680 = -9*z - y*z. Calculate the remainder when z is divided by 10.
0
Let g = -84 + 96. Let h(a) be the third derivative of a**6/120 - a**5/6 - 7*a**4/8 - 5*a**3/3 + 16*a**2. Calculate the remainder when h(g) is divided by 9.
8
Let p be 3/(2/(-8) + 1). Suppose 11 = p*t - 5. Suppose 18 - 6 = -4*s, -564 = -4*f - t*s. What is the remainder when f is divided by 29?
28
Suppose -6 = -2*i, 3*l + i - 5*i = 9. Suppose 5*y - 34 = 3*p, -5*y - l*p + 4*p = -16. Calculate the remainder when 33 is divided by y.
3
Suppose -4*q + 768 = z, 0 = -8*q + 4*q - 2*z + 768. What is the remainder when 382 is divided by q?
190
Suppose -116*j + 43*j + 3869 = 0. Suppose 2*v + 12 = 5*v. Suppose 0 = v*x - 2*x - 634. Calculate the remainder when x is divided by j.
52
Suppose -10*w - 91 + 571 = 0. Suppose -y - 2*c + 18 = 0, -3*c + 0*c + w = 3*y. Calculate the remainder when 55 is divided by y.
13
Suppose 4*t = -2*d + 120, 2*d - 23 - 10 = -t. Let n be 0 - (-4 + (2 - -36)). What is the remainder when t is divided by (n - -44)/(2*(-1 + 2))?
4
Let q(s) = 2*s - 1. Let g be q(2). Calculate the remainder when 59 + (g - (4 - 1)) is divided by (12 + -3 + -3*2)*7.
17
Let b(u) = -u**2 + 11*u + 69. Let p be (-1)/(4*3/(-168)). Let a(d) = d**3 - 5*d**2 + 6*d + 6. What is the remainder when a(6) is divided by b(p)?
24
Suppose -169*g + 74*g - 194*g = -8670. What is the remainder when 145 is divided by g?
25
Suppose 0 = -24*z + 29*z - 90. Let q(h) = -h**3 + 19*h**2 - 19*h - 1. Let b be q(z). Let c = b + 21. Calculate the remainder when c is divided by 1.
0
Let r = -13506 - -13616. What is the remainder when 234 is divided by r?
14
Suppose 4*i - 5 = -w, 5*w + 2*i = 6*i + 25. Suppose -w*j + 17 = 3*h + 3, -j = -2*h - 8. Calculate the remainder when j + 115 + (3 - 5) is divided by 24.
21
What is the remainder when 184 is divided by 11/((-22)/34) + 52?
9
Suppose 0 = -0*z + 11*z - 99. Suppose -6*d = -z*d - 39. Let v = 14 - d. Calculate the remainder when 134 is divided by v.
26
Let d(t) = 5*t**2 - 16*t + 12. Let k(p) = -p**2 + p. Let f be k(4). Calculate the remainder when ((-182)/(-26))/((-2)/f) is divided by d(3).
6
Suppose 0 = 17*s - 149 - 21. Let k = 10 + -7. Suppose b - k*q = -0*q + 39, -2 = 2*q. Calculate the remainder when b is divided by s.
6
Let p(d) = -120*d - 1911. Calculate the remainder when p(-18) is divided by 126.
123
Let x = -194 - -279. Let h be (-2 - 42) + (5 - 2). Let m = h + x. Calculate the remainder when m is divided by 15.
14
Let m = 15866 + -15532. What is the remainder when m is divided by 25?
9
Calculate the remainder when (-173205)/(-63) + 1/(-7)*2 is divided by 43.
40
Let c = -60661 + 60707. Let m = 459 + -230. Calculate the remainder when m is divided by c.
45
Let l be 1*(-1 - 3*(-5)/3). Suppose -3*p + 5*k + 385 = l*k, -2*p + 274 = -5*k. What is the remainder when p is divided by 26?
23
Let u(v) = -v**3 - 75*v**2 + 32. Let l(w) = w**3 - w**2 - 2*w - 5. Calculate the remainder when u(-75) is divided by l(3).
4
Let g be (1265/3)/(20/60). Suppose -g - 135 = -50*p. What is the remainder when 82 is divided by p?
26
Let u be 2 + (4 + -5)*-10. Let k = u - -46. What is the remainder when k is divided by -10*2/(4/(-3))?
13
Suppose 40 = 5*b - 5*m, -6*m = -2*b - 10*m + 28. Calculate the remainder when 1467 is divided by b.
7
Suppose 0*f = -15*f. Suppose 6 = -2*t, f*t - 134 = -m + t. Calculate the remainder when m is divided by 4.
3
Suppose 128 = -3*i - 5*x + 376, -i - x + 86 = 0. Suppose 0 = -i*f + 96*f - 160. What is the remainder when 57 is divided by f?
25
Let 